rime factors of s.
3, 5
Suppose -5*s = -3*t - 502, 5*s + 0*t = -5*t + 510. What are the prime factors of s?
101
Let i = 4 - 1. Suppose 49 = i*g + 5*j, 2*g - 21 = g + 3*j. List the prime factors of g.
2, 3
Let w = -2 + 26. List the prime factors of w.
2, 3
Let n(u) = 6 - u**2 + 2*u - 1 - 3. What are the prime factors of n(2)?
2
Let v = 82 - -20. What are the prime factors of v?
2, 3, 17
Suppose -s - 3*s = 0, 4*y - 2*s = 768. List the prime factors of y.
2, 3
Suppose 3*g - 16 = 2*g. Suppose -m + g + 15 = 0. List the prime factors of m.
31
Let q(h) = 6*h**2 + 1 - 2*h**3 + 3*h + h**3 - 7. Let k be q(6). Suppose -3*d + 24 + k = 0. List the prime factors of d.
2, 3
What are the prime factors of 124 - (3 + (2 - 7))?
2, 3, 7
Suppose 0 = -5*v + 5*k + 45, 4*k + 21 = v - 0*k. Suppose 31 = v*d - 4*h, 0*h = -3*d - 5*h + 26. List the prime factors of d.
7
Let x(h) = 55*h**3 - h**2 + 2. What are the prime factors of x(1)?
2, 7
Let z = 166 - 37. What are the prime factors of z?
3, 43
Suppose 3*b - 3 = 2*t - 4, 3*b - 34 = -5*t. Suppose 14 - 4 = t*a. What are the prime factors of a?
2
Let z(a) = -a**3 - 7*a**2. Let i be z(-7). Let u be (0 + -2 + i)/(-1). Suppose u*s = s + 9. List the prime factors of s.
3
Let b(s) = s**2 + 8*s + 9. List the prime factors of b(-11).
2, 3, 7
Suppose -h - 2*b - 5 = 0, -3*h - b = 2*b. Let r = 6 + h. List the prime factors of r.
11
What are the prime factors of ((-510)/(-8))/5*8?
2, 3, 17
Let u(q) = 5*q - 7. What are the prime factors of u(11)?
2, 3
Suppose -3*m + 0*m + 36 = 0. Let g = m - 2. List the prime factors of g.
2, 5
Let b = 87 + -59. List the prime factors of b.
2, 7
Suppose 0 = o - 1 + 2. Let s = 0 + o. List the prime factors of 3 + (3 - 0) + s.
5
Suppose 0 = 4*u - 521 - 259. What are the prime factors of u?
3, 5, 13
Let y be 1/(-2)*(-7 + 7). What are the prime factors of 8 - 2/6*y?
2
Let q(t) = t**3 + 6*t**2 - 8*t - 2. Let j be q(-7). Let v(c) = c - 1. List the prime factors of v(j).
2
Suppose 0 = -3*k + 2*l - l - 13, k = -5*l + 17. Let v be -5*k/(-15)*-2. Suppose -5*q + v*q + 36 = 0. List the prime factors of q.
2, 3
Suppose -j + 10 = j. Suppose 2*u - 12 = -2*o, 0*o = 2*u + j*o - 15. List the prime factors of u.
5
Let t(f) = -f**3 + 9*f**2 + 9*f + 12. Let x be t(10). What are the prime factors of (-680)/(-30) - x/3?
2, 11
Let m(n) = -n**3 - 9*n**2 - 8*n + 3. Let f be m(-8). Suppose 40 = 2*p + f*p. List the prime factors of p.
2
Suppose -2*q = -3*p + 403, 5*p - 4*q - 671 = -0*p. What are the prime factors of p?
3, 5
Let p be 7 + (-3 - (-3 - -3)). Suppose 5*a + 17 = -w, p*a = 5*w - 1 - 30. What are the prime factors of w?
3
Let l = -13 + 11. Let a(w) = -2*w**3 - 2*w**2 - 3*w - 1. What are the prime factors of a(l)?
13
Let q(l) = -7*l - 3. Suppose -1 = 5*s + 9. List the prime factors of q(s).
11
Suppose b + 2*b = 9. Suppose 0 = -2*p - b*p + 60. What are the prime factors of p?
2, 3
Suppose 7*l - 85 = 2*l. List the prime factors of l.
17
Suppose 9*o - 49 = 8*o. List the prime factors of o.
7
Let p = 4 + -1. Suppose -3*g + p*y + 38 = -2*y, -5*g = -3*y - 42. What are the prime factors of (-39)/(-2)*g/9?
13
Let i(y) = 6*y**2 + 3*y - 21. List the prime factors of i(-6).
3, 59
Let g = -1 - 0. Let k = 1 - g. Suppose 0 = -k*f - r + 7 + 4, -5*f = -5*r - 65. List the prime factors of f.
2
Let i = -6 + 9. Suppose -5*v + 11 = -z, -2*z - 1 = -i*v + 7. Suppose f + v*f = 36. List the prime factors of f.
2, 3
Let d = 41 - 1. Suppose 5*v - 30 - d = 0. List the prime factors of v.
2, 7
What are the prime factors of (-4*(-1)/(-5))/(10/(-450))?
2, 3
Suppose -14*h + 1108 = -2098. List the prime factors of h.
229
Suppose 0 = 3*u - 6, -2*u + 2 = z - 5. What are the prime factors of z?
3
Let w = 61 + -30. List the prime factors of w.
31
Let r = 43 - 12. What are the prime factors of r?
31
Let a(i) = 0*i - 3*i**2 + 3*i**3 - 4*i**3 - 2*i. Let m be a(-2). Suppose 3*l - z - 24 = m, -3*l - 17 = -5*z - 53. What are the prime factors of l?
7
Let x(d) = d**3 - 3*d**2 + 3*d - 2. Let q be x(3). Let f be (-1)/4 - (-120)/(-32). Let v = f + q. What are the prime factors of v?
3
Let i(q) = q**3 - 13*q**2 - 4*q - 2. Let z be i(13). Let j = -2 - z. List the prime factors of j.
2, 13
List the prime factors of -1*(-15 - 4) - 3.
2
Let n = -42 - -274. What are the prime factors of (n/6)/(8/12)?
2, 29
Suppose -5*h = 2*p - 25, 5*h = 3*h + 2*p + 24. Suppose 0 = -h*m + 8*m - 4. List the prime factors of m.
2
Suppose 4*f - 5*m = 53, 2*m + 28 = 5*f - 34. List the prime factors of f.
2, 3
Let f = -6 - -11. Suppose 3*g + 30 = 2*y, y - 4*g + f = 30. List the prime factors of y.
3
Let a be -1 + (10/2 - 0). Suppose a*p + 5*x - 68 = 0, 1 = x - 3. What are the prime factors of p?
2, 3
Let z = -13 + -30. Let v = z + 64. List the prime factors of v.
3, 7
Suppose -4*j - m + 204 = 4*m, -m + 50 = j. List the prime factors of j.
2, 23
Suppose -o = v + 2*o - 42, 4*v - 2*o = 210. List the prime factors of v.
3, 17
Let b = 47 - -80. What are the prime factors of b?
127
Let p = -31 - -59. What are the prime factors of p?
2, 7
Suppose -20 = -4*d, -4*d + 2*d - 245 = -3*z. List the prime factors of z.
5, 17
Let v = 681 - 416. What are the prime factors of v?
5, 53
Suppose 8 + 52 = 5*m. List the prime factors of m.
2, 3
Suppose 2*o - 5 = 7. Suppose 4*b - 2*b = o. Suppose b*x - 5*u = -2, 2*x = 4*u - 0*u - 4. List the prime factors of x.
2, 3
Let q(i) = -i - 2. Let x be q(10). Let k be (-2)/(-4) - 37/(-2). Let c = k + x. What are the prime factors of c?
7
Suppose -2*j - 5 = 5*q - 7*j, -9 = 3*q - 5*j. Let s be 1*-3*(-12)/9. Suppose q*t - s = t. What are the prime factors of t?
2
Suppose -4*j = 2*d - 14, 0 = -d - d + 4*j + 6. Suppose 3*o = 2*y + 62, d*o - 2*o = 3*y + 57. List the prime factors of o.
2, 3
Suppose -2 = 4*a - 5*b, -4*a + b = 6*b - 18. List the prime factors of 40 - (a + (6 - 4)).
2, 3
Suppose -2*b + 5*z = -b + 18, 0 = 3*z - 12. Let m = 42 - b. What are the prime factors of m?
2, 5
Suppose -6*a + 94 = -4*a. List the prime factors of a.
47
Suppose -47 + 219 = 2*z. List the prime factors of z.
2, 43
Suppose w - 755 = -5*d - 0*w, -d + 151 = 5*w. List the prime factors of d.
151
Let d = -106 - -176. List the prime factors of d.
2, 5, 7
Suppose -20 = -3*n + 4. Let b(j) = 9*j**3 + 4*j**2 + 4*j**2 + 2 - n*j**3. List the prime factors of b(-8).
2
Suppose -63 = 3*w - 4*w. What are the prime factors of w?
3, 7
Let a(v) be the first derivative of v**4/4 + 7*v**3/3 + 11*v**2/2 + 7*v - 7. List the prime factors of a(-5).
2
Let b(u) = -u**3 + 4*u**2 - 3*u - 2. Let n be b(3). List the prime factors of ((-63)/12)/(n/8).
3, 7
Let c be (-3)/3 - 1 - -2. Suppose 3*y = -4*q + 2*y + 16, c = q - 5*y - 25. List the prime factors of q.
5
Suppose 3*r - 4*k + 5*k - 119 = 0, 198 = 5*r + 2*k. Suppose -3*z - z = -r. List the prime factors of z.
2, 5
Let b = -8 + -18. Let j = -11 - b. List the prime factors of (-98)/(-6) + 10/j.
17
Let c(m) = m**3 - m. What are the prime factors of c(4)?
2, 3, 5
Let s = -3 - -5. Let v be 0/(s - 3/1). Suppose -5*u = -v*u - 55. What are the prime factors of u?
11
Suppose 5*q + 62 = 162. Suppose -3*t - 2*t + q = 0. Suppose 0*k + 56 = 3*s + 4*k, -t*s = -2*k - 38. What are the prime factors of s?
2, 3
Let s(r) = 2*r - 2. Let h be s(2). Suppose -3*w + h*l = -17, w = -l - 4*l + 34. What are the prime factors of w?
3
Suppose -8*j + 4*j + 2*p + 42 = 0, -3*j + 4*p + 34 = 0. What are the prime factors of j?
2, 5
Suppose 0 = -4*k - 5*r + 21, -23 = -5*k - 7*r + 4*r. What are the prime factors of k/(-12) - 146/(-6)?
2, 3
Suppose 5*y = 7*y - 6. What are the prime factors of y?
3
Let a be -2 - -2 - 2 - 16. What are the prime factors of 4/a - (-418)/18?
23
Let o = 6 - 5. Suppose 0 = 2*r - 7*h + 4*h + o, 0 = -3*r - 3*h + 21. Suppose -2*q = 5*a - 41, -4*a - r*q + 34 = -2*q. List the prime factors of a.
7
Suppose 0 = -l + 5*l - q - 2, l + 3*q + 6 = 0. Let h = 2 + l. Suppose 4*k + h*j = 42, 3*k + j - 29 = -0*k. List the prime factors of k.
2
Let j = 90 + -51. Let p(u) = -4*u - 25. Let b be p(-11). Let v = j - b. List the prime factors of v.
2, 5
Let n(h) = h + 2. Let z(s) = 1. Let i(r) = n(r) - 4*z(r). Let f be i(-2). Let q = 2 - f. What are the prime factors of q?
2, 3
Suppose 4*g + 91 = 11. Let j = 34 + g. What are the prime factors of j?
2, 7
Suppose 0 = 10*t - 7*t. Suppose q - 4 - 9 = t. List